*v + 57. What is the units digit of k(0)?
7
Let p = 17 + 24. What is the tens digit of p?
4
Suppose 2*h = 5*j - 36, -h = -j - 5*h - 6. Let o = j - -1. What is the units digit of o?
7
Let y(r) = r**3 + 4*r**2 + 4*r + 2. Let v be y(-2). What is the tens digit of (-2)/(-3)*39/v?
1
Let q be -2 + 1 + 85/(-5). What is the tens digit of q/(-1)*2/3?
1
Suppose 2*r = -14 - 0. Let h(u) = u**3 + 6*u**2 - 10*u - 9. What is the units digit of h(r)?
2
Let n = 41 + 0. Let a = n + -18. What is the tens digit of a?
2
Let h(v) = v + 10. Let w be (-8)/(-20) - 84/10. Let y be h(w). What is the units digit of (60/(-9))/(y/(-3))?
0
Suppose -8*m + 676 = -52. What is the units digit of m?
1
Let h = 1 - 7. Let l = -4 - h. What is the units digit of l?
2
Let o = 114 - 64. What is the units digit of o?
0
Suppose 70 = 3*l + 25. What is the units digit of l?
5
Let c(y) be the second derivative of y**4/12 + y**3/2 - 4*y. What is the tens digit of c(-5)?
1
Let h be (-6)/(-2)*8/6. Suppose 5*b + 3*i + 65 = 25, 0 = b + h*i + 25. What is the units digit of (4/b)/(4/(-10))?
2
Let m = -1 + 2. Suppose 6 = 3*o - 0*o. What is the units digit of m*(o + 0 + 0)?
2
Let p = 19 + -17. Suppose 0 = p*x - 4*r - 110, -r = -x + 46 + 7. What is the tens digit of x?
5
Let o = -76 - -125. Let j = o + -10. What is the units digit of j?
9
Suppose 2*q = 5*w - 1, -q = -6*w + 2*w + 2. Suppose 5*k - 3*k + 4*s = 26, -2*k = -q*s - 26. What is the units digit of k?
3
Suppose -c + 17 = 3. Suppose 2*u = u - c. Let z = u - -24. What is the tens digit of z?
1
What is the units digit of (-18)/27 - (-283)/(-3)*-2?
8
Let h = 5 + -2. Suppose 6*z - h*z + 21 = 0. Let d = z + 13. What is the units digit of d?
6
Let y(j) = 4*j - 3*j + 2*j - 4*j + 14 + j**2. Suppose 0 = -3*x + 8*x. What is the tens digit of y(x)?
1
Let c(p) = -p**2 - 12*p - 7. Let m be c(-7). Suppose -m + 2 = -2*j. What is the tens digit of j?
1
Let l(q) be the first derivative of q**2/2 + 2. Let f be l(5). Suppose 4*r - 36 = 4*z, 0*r + 9 = r - f*z. What is the units digit of r?
9
Let a(x) = -x**2 - 7*x - 7. Let w be a(-6). Let u be (w + 0)/((-2)/4). Let y = u - 1. What is the units digit of y?
1
Suppose 3*a - 87 = -0*a. Suppose 4*s = a + 7. What is the units digit of s?
9
What is the hundreds digit of (9 - 7)/(2/152)?
1
Suppose 2*y - 359 + 81 = 0. What is the tens digit of y?
3
Suppose -7*g = -12*g + 105. Let o = g - 5. What is the tens digit of o?
1
Let l(b) = b**2 + 18*b + 48. What is the hundreds digit of l(-22)?
1
Suppose 10*s - 561 = 7*s. What is the units digit of s?
7
Suppose 4*g = t + 1, 0*g - 2*g - 1 = t. Suppose 96 = 3*x - g*x. What is the tens digit of x?
3
Let g be (0 - -186)*(-8)/(-24). Let m be (g/(-6) - -1)*-3. Suppose -x - x + m = 0. What is the tens digit of x?
1
Let d be 26/(-7) + (-10)/35. What is the units digit of d/((-36)/69)*3?
3
Suppose 11 = -5*w - y, 3*y - 27 = 2*w + 3*w. Suppose 4*j - 1 - 6 = 5*g, g + 9 = -3*j. What is the units digit of (j - (0 - 27)) + w?
2
Let x = 9 - 5. Suppose -2*v = -v, x*k + v = 28. What is the units digit of k?
7
Suppose -5*x = z - 38, -x = -0*x - 4. Suppose 2*n = -n + z. What is the units digit of n?
6
Let v(a) = a + 7. What is the units digit of v(2)?
9
Suppose 2*u + 2 + 8 = 0. Let a = 2 - u. What is the units digit of a?
7
Suppose 5 = l + 2. Suppose l*c - 7*c + 36 = 0. What is the units digit of c?
9
Suppose 3*p - 11 = 5*o - 0, -3*p + 3*o = -21. What is the units digit of (p/(-8))/((-3)/2)?
1
Let m be (-18)/(-1 - (0 - -1)). What is the tens digit of (15/(-9))/((-1)/m)?
1
Let b be 6/(-9)*6/4. Suppose p + 4*y + 10 = 0, -4*p + 1 = -4*y - 19. Let h = p + b. What is the units digit of h?
1
Let r(p) = 5*p**2 + p. Let x be (1/(1/1))/1. What is the units digit of r(x)?
6
Let u = 76 + -45. Let p = 55 - u. Suppose g - 4*g = -p. What is the units digit of g?
8
Let a(k) = -1 + k**2 - 3*k**2 - 2*k + 3*k**2 - 1. What is the units digit of a(-3)?
3
Let i = -16 - -2. Let l = i + 20. What is the units digit of l?
6
Suppose 16 = -4*u, 0 = -3*r - 4*u + 191 + 30. What is the units digit of r?
9
Let j = 19 + -15. What is the units digit of j?
4
What is the hundreds digit of (1865/(-35))/(6/(-42))?
3
Let g(k) = k**2 - 16*k + 5. What is the tens digit of g(18)?
4
What is the units digit of 161 + 3/((-3)/4)?
7
Suppose -9*w - 218 = -11*w. What is the units digit of w?
9
Let h(f) = -f**2 - 6*f + 2. Let a be h(-6). Suppose 4*j = 4*r + 36, -a*j - 3*r + 26 = -7*r. What is the units digit of j?
5
Suppose 0 = 5*m + 2 - 12. Suppose 2*t = 7*t - m*b - 130, 2*t - b - 51 = 0. What is the units digit of t?
8
Suppose -5*r + 18 = -8*r. What is the tens digit of (21 + 1)*(-3)/r?
1
Suppose -10 = -2*z + 4*k + 18, 4 = 2*z + 2*k. Let l(w) = -4 + z - w + 8. What is the units digit of l(8)?
2
Let v(g) = -2*g**2 - g**2 - g - 2 + 4*g**2. Let i be v(2). Suppose 2*y + 2*x + 2*x = 26, i = y - 4*x + 11. What is the units digit of y?
5
Let p = 46 - -130. What is the units digit of p?
6
Let p = 37 + -21. What is the tens digit of p?
1
Suppose -3*v - h = 4*h + 14, -v - 5*h - 18 = 0. Suppose 3*z = 5*c - 125, -z - v*z = -15. What is the tens digit of c?
2
Suppose -2*l + z + 28 = 2*l, 2*l = 3*z + 4. Suppose 3*o = o + l. Suppose f + o = 5. What is the units digit of f?
1
Let l(n) = 9*n**2 - 1. What is the tens digit of l(-4)?
4
Let z be (2 - -2) + (-4)/2. Suppose 3*d = -2*d. Suppose d = -z*c + 4. What is the units digit of c?
2
Let y = -8 - -8. Let o be (0 - 3)*8/(-6). Suppose o*i = 4*t - 20, y = 5*i + 12 + 8. What is the units digit of t?
1
Let m be (-1 + (31 - 1))*-1. Let p = 114 - 161. Let u = m - p. What is the tens digit of u?
1
Let y(g) be the first derivative of -1/2*g**2 - 4 + 7*g. What is the units digit of y(0)?
7
Suppose 22*k + 144 = 30*k. What is the units digit of k?
8
Suppose -g - 35 = -2*f, -4*f + 60 + 13 = -g. What is the tens digit of f?
1
Let g be 15/9 + 1/3. Let r = g - -5. What is the units digit of r?
7
Let k(l) = -5*l + 4. What is the tens digit of k(-13)?
6
Let m be ((-11)/(-3))/((-14)/42). What is the units digit of 3 - 1 - (-30 + m)?
3
Let y(f) = 32*f - 4. What is the units digit of y(2)?
0
Suppose -3*t + 193 = 3*z + 2*z, 127 = 2*t + 3*z. What is the tens digit of t?
5
Suppose -7*k + 2*k + 270 = 0. What is the units digit of k?
4
Let s(j) = -2*j + j + 2*j**2 - 4 + 1. What is the tens digit of s(4)?
2
Suppose 3*u - 3*o - 30 = 0, -o = -3*u + o + 25. Suppose -u*n + 72 = -2*n. Suppose -3*a + 0*a = -n. What is the units digit of a?
8
Suppose -x + 2*o = x - 56, -5*o = -2*x + 44. What is the tens digit of x?
3
Let x = 133 + -129. What is the units digit of x?
4
Suppose 4*z - 5*x = 13, 3*x = -z + x. Let h = z + -9. Let t = h + 10. What is the units digit of t?
3
Let t(i) be the third derivative of 0*i + 0 + 1/60*i**5 + 1/120*i**6 + 3*i**2 + 1/6*i**3 + 0*i**4. What is the units digit of t(-1)?
1
Let a(h) = h**3 - 3*h**2 + 2*h. Let q be a(2). What is the units digit of (0 - -15) + q + -1?
4
Let h = 317 - 173. What is the tens digit of h?
4
Let d = -4 + 70. What is the tens digit of d?
6
Let f = 13 + -6. Let u = f + -3. What is the units digit of u?
4
Let o(p) = -3*p - 2. Let g be o(-3). Let s = g + -1. What is the units digit of s?
6
Suppose 4*l = 3*f - 244, f + 4*l - 105 - 3 = 0. What is the units digit of f?
8
Let r = 5 + -3. Suppose -x = -2*c + r*x + 19, 0 = -2*c + 5*x + 29. Suppose 0*i - c*i + 16 = 0. What is the units digit of i?
8
Let x(k) = k**3 - 4*k**2 + 3*k + 2. Let l be x(3). Suppose -l*h + 2 = -4. Suppose -h*s - 8*c + 17 = -4*c, -s + 23 = -3*c. What is the tens digit of s?
1
Let q(x) = -20 + 2*x**2 + 20*x - 3*x**2 + 0*x. What is the tens digit of q(16)?
4
Let u(q) = q**2 - 1. What is the units digit of u(-4)?
5
Suppose 0 = 4*p - 0*p + 5*m - 32, m - 35 = -3*p. What is the tens digit of p?
1
Let j(o) be the second derivative of -3*o**3/2 - 3*o**2/2 - 2*o. What is the units digit of j(-2)?
5
Suppose -6*l = 317 - 869. What is the units digit of l?
2
Suppose -4*h - h + 20 = 0. Suppose -20 = -v - h*g, 5*v - 2*g = -0*g + 12. What is the units digit of v?
4
Let b be ((-2)/4)/(6/(-36)). Suppose -4 = -b*o + 29. What is the units digit of o?
1
Let c be (-24)/(-28) - (-1)/7. What is the tens digit of 2 + c + (-64)/(-4)?
1
Let f = -2 + 4. Suppose 3*b - 46 = -f*w, 3*w + 0*w = -3*b + 42. Suppose 18 + b = 3*p. What is the tens digit of p?
1